{"id":43,"date":"2025-02-03T20:14:40","date_gmt":"2025-02-03T19:14:40","guid":{"rendered":"https:\/\/www.hoplainfoservices.com\/?page_id=43"},"modified":"2025-02-06T15:54:07","modified_gmt":"2025-02-06T14:54:07","slug":"intervention-depannages","status":"publish","type":"page","link":"https:\/\/www.hoplainfoservices.com\/index.php\/intervention-depannages\/","title":{"rendered":"Intervention\/D\u00e9pannages"},"content":{"rendered":"\n<div style=\"height:100px\" aria-hidden=\"true\" class=\"wp-block-spacer\"><\/div>\n\n\n\n<h2 class=\"wp-block-heading\">Intervention Classique : <\/h2>\n\n\n\n<div class=\"wp-block-buttons is-layout-flex wp-block-buttons-is-layout-flex\">\n<div class=\"wp-block-button is-style-outline is-style-outline--1\"><a class=\"wp-block-button__link wp-element-button\" href=\"https:\/\/outlook.office365.com\/book\/RservationHIS@hoplainfoservices.com\/s\/5eTTAkp-vEOWkGAE0iVjcg2\">R\u00e9servez ici<\/a><\/div>\n<\/div>\n\n\n\n<div style=\"height:18px\" aria-hidden=\"true\" class=\"wp-block-spacer\"><\/div>\n\n\n\n<p>Dur\u00e9e Max : 1h30<br>Prix : 60 \u20ac<\/p>\n\n\n\n<div style=\"height:14px\" aria-hidden=\"true\" class=\"wp-block-spacer\"><\/div>\n\n\n\n<p>Comprends : toutes interventions informatiques r\u00e9alisable sur place dans une p\u00e9riode de 1h30<\/p>\n\n\n\n<div style=\"height:13px\" aria-hidden=\"true\" class=\"wp-block-spacer\"><\/div>\n\n\n\n<p>Exemple : configuration pilotes (imprimante,&#8230;) , diagnostique panne , aide technique, &#8230;<\/p>\n\n\n\n<hr class=\"wp-block-separator has-alpha-channel-opacity\"\/>\n\n\n\n<h2 class=\"wp-block-heading\">Intervention Premium : <\/h2>\n\n\n\n<div class=\"wp-block-buttons is-layout-flex wp-block-buttons-is-layout-flex\">\n<div class=\"wp-block-button is-style-outline is-style-outline--2\"><a class=\"wp-block-button__link wp-element-button\" href=\"https:\/\/outlook.office365.com\/book\/RservationHIS@hoplainfoservices.com\/s\/1pjPZ4xYcUaikFqiaJQ1kg2\">R\u00e9servez ici<\/a><\/div>\n<\/div>\n\n\n\n<div style=\"height:16px\" aria-hidden=\"true\" class=\"wp-block-spacer\"><\/div>\n\n\n\n<p>Dur\u00e9e Max : 3h30<br>Prix : 160 \u20ac<\/p>\n\n\n\n<div style=\"height:22px\" aria-hidden=\"true\" class=\"wp-block-spacer\"><\/div>\n\n\n\n<p>Comprends : toutes interventions informatiques r\u00e9alisable sur place dans une p\u00e9riode de 4h<\/p>\n\n\n\n<div style=\"height:22px\" aria-hidden=\"true\" class=\"wp-block-spacer\"><\/div>\n\n\n\n<p>Exemple : D\u00e9pannage mat\u00e9riel sur place ( si en possession de la pi\u00e8ce +  prix de la pi\u00e8ce) , mise en place de toute une configuration sur le mat\u00e9riel ( PC , Console , tablette , t\u00e9l\u00e9phone, \u2026)<\/p>\n\n\n\n<hr class=\"wp-block-separator has-alpha-channel-opacity\"\/>\n\n\n\n<h2 class=\"wp-block-heading\">D\u00e9passement :<\/h2>\n\n\n\n<div style=\"height:36px\" aria-hidden=\"true\" class=\"wp-block-spacer\"><\/div>\n\n\n\n<p><strong>Tout d\u00e9passement \u00e9ventuel<\/strong> sera <strong>valid\u00e9 par le client <\/strong>au pr\u00e9alable et <strong>factur\u00e9 30 \u20ac <\/strong>la <strong>demi heure<\/strong>. <\/p>\n\n\n\n<p><strong>Toutes actions n\u00e9cessitant un temps cons\u00e9quent <\/strong>sera imm\u00e9diatement <strong>convertie en devis <\/strong>et effectu\u00e9e dans nos ateliers. <\/p>\n","protected":false},"excerpt":{"rendered":"<p>Intervention Classique : Dur\u00e9e Max : 1h30Prix : 60 \u20ac Comprends : toutes interventions informatiques r\u00e9alisable sur place dans une p\u00e9riode de 1h30 Exemple : configuration pilotes (imprimante,&#8230;) , diagnostique panne , aide technique, &#8230; Intervention Premium : Dur\u00e9e Max : 3h30Prix : 160 \u20ac Comprends : toutes interventions informatiques r\u00e9alisable sur place dans une [&hellip;]<\/p>\n","protected":false},"author":1,"featured_media":0,"parent":0,"menu_order":0,"comment_status":"closed","ping_status":"closed","template":"","meta":{"footnotes":""},"class_list":["post-43","page","type-page","status-publish","hentry"],"_links":{"self":[{"href":"https:\/\/www.hoplainfoservices.com\/index.php\/wp-json\/wp\/v2\/pages\/43","targetHints":{"allow":["GET"]}}],"collection":[{"href":"https:\/\/www.hoplainfoservices.com\/index.php\/wp-json\/wp\/v2\/pages"}],"about":[{"href":"https:\/\/www.hoplainfoservices.com\/index.php\/wp-json\/wp\/v2\/types\/page"}],"author":[{"embeddable":true,"href":"https:\/\/www.hoplainfoservices.com\/index.php\/wp-json\/wp\/v2\/users\/1"}],"replies":[{"embeddable":true,"href":"https:\/\/www.hoplainfoservices.com\/index.php\/wp-json\/wp\/v2\/comments?post=43"}],"version-history":[{"count":8,"href":"https:\/\/www.hoplainfoservices.com\/index.php\/wp-json\/wp\/v2\/pages\/43\/revisions"}],"predecessor-version":[{"id":115,"href":"https:\/\/www.hoplainfoservices.com\/index.php\/wp-json\/wp\/v2\/pages\/43\/revisions\/115"}],"wp:attachment":[{"href":"https:\/\/www.hoplainfoservices.com\/index.php\/wp-json\/wp\/v2\/media?parent=43"}],"curies":[{"name":"wp","href":"https:\/\/api.w.org\/{rel}","templated":true}]}}