{"id":81,"date":"2025-02-05T17:48:19","date_gmt":"2025-02-05T16:48:19","guid":{"rendered":"https:\/\/www.hoplainfoservices.com\/?page_id=81"},"modified":"2025-02-06T13:42:31","modified_gmt":"2025-02-06T12:42:31","slug":"la-culture-du-services","status":"publish","type":"page","link":"https:\/\/www.hoplainfoservices.com\/index.php\/la-culture-du-services\/","title":{"rendered":"La culture du services"},"content":{"rendered":"\n<h2 class=\"wp-block-heading\">Un accompagnement appropri\u00e9 :<\/h2>\n\n\n\n<hr class=\"wp-block-separator has-alpha-channel-opacity\"\/>\n\n\n\n<figure class=\"wp-block-image size-large\"><img loading=\"lazy\" decoding=\"async\" width=\"1024\" height=\"681\" src=\"https:\/\/www.hoplainfoservices.com\/wp-content\/uploads\/2025\/02\/grand-parent-learning-use-digital-divice-1024x681.jpg\" alt=\"\" class=\"wp-image-85\" srcset=\"https:\/\/www.hoplainfoservices.com\/wp-content\/uploads\/2025\/02\/grand-parent-learning-use-digital-divice-1024x681.jpg 1024w, https:\/\/www.hoplainfoservices.com\/wp-content\/uploads\/2025\/02\/grand-parent-learning-use-digital-divice-300x200.jpg 300w, https:\/\/www.hoplainfoservices.com\/wp-content\/uploads\/2025\/02\/grand-parent-learning-use-digital-divice-768x511.jpg 768w, https:\/\/www.hoplainfoservices.com\/wp-content\/uploads\/2025\/02\/grand-parent-learning-use-digital-divice-1536x1022.jpg 1536w, https:\/\/www.hoplainfoservices.com\/wp-content\/uploads\/2025\/02\/grand-parent-learning-use-digital-divice-2048x1363.jpg 2048w\" sizes=\"auto, (max-width: 1024px) 100vw, 1024px\" \/><\/figure>\n\n\n\n<p>On sait que le langage du monde informatique n&#8217;est pas  forcement compris de tous, c&#8217;est pour cela que l&#8217;on accompagne chaque clients d&#8217;une fa\u00e7on appropri\u00e9.<\/p>\n\n\n\n<p>Nous cherchons une \u00e9quit\u00e9 car nous faisons face \u00e0 tout type de personnes et de g\u00e9n\u00e9rations diff\u00e9rentes et que par cons\u00e9quent tous n&#8217;ont pas la m\u00eame approche de la technologie. Nous profitons de l&#8217;intervention pour aussi sensibiliser les personnes et aider \u00e0 \u00e9viter des erreurs futures afin d&#8217;\u00e9viter \u00e9galement des d\u00e9penses inutiles mais que aussi dans le futur on puisse faire appel \u00e0 nous pour des sujets que seul un professionnel peut traiter !<\/p>\n\n\n\n<hr class=\"wp-block-separator has-alpha-channel-opacity\"\/>\n\n\n\n<p><\/p>\n\n\n\n<h2 class=\"wp-block-heading\">La transparence :<\/h2>\n\n\n\n<div style=\"height:42px\" aria-hidden=\"true\" class=\"wp-block-spacer\"><\/div>\n\n\n\n<p><\/p>\n\n\n\n<p>Il est important pour nous d&#8217;\u00eatre honn\u00eate et transparent avec nos clients , que ce soit pour une erreur ou pour une d\u00e9pense non n\u00e9cessaire. L&#8217;argent c&#8217;est bien mais aider l&#8217;est aussi ! <\/p>\n\n\n\n<div style=\"height:44px\" aria-hidden=\"true\" class=\"wp-block-spacer\"><\/div>\n\n\n\n<hr class=\"wp-block-separator has-alpha-channel-opacity\"\/>\n\n\n\n<p><\/p>\n\n\n\n<h2 class=\"wp-block-heading\">Respect des d\u00e9lais d&#8217;engagement :<\/h2>\n\n\n\n<div style=\"height:40px\" aria-hidden=\"true\" class=\"wp-block-spacer\"><\/div>\n\n\n\n<p>Nous maximisons tous pour parvenir a r\u00e9aliser les choses \u00e0 temps.<\/p>\n\n\n\n<p>Encore une fois, l\u00e0 dessus nous sommes \u00e9galement claire sur les d\u00e9lais, nous le disons si cela risque de durer pour tel ou tel raison.. mais rassurez-vous nous sommes pratiquement toujours \u00e0 l&#8217;heure !<\/p>\n\n\n\n<div style=\"height:43px\" aria-hidden=\"true\" class=\"wp-block-spacer\"><\/div>\n\n\n\n<hr class=\"wp-block-separator has-alpha-channel-opacity\"\/>\n\n\n\n<p><\/p>\n\n\n<div class=\"wp-block-image\">\n<figure class=\"alignleft size-full\"><img loading=\"lazy\" decoding=\"async\" width=\"656\" height=\"1024\" src=\"https:\/\/www.hoplainfoservices.com\/wp-content\/uploads\/2025\/02\/09369cf2-0cfa-44d5-aecf-7d58317101cc.jpg\" alt=\"\" class=\"wp-image-89\" srcset=\"https:\/\/www.hoplainfoservices.com\/wp-content\/uploads\/2025\/02\/09369cf2-0cfa-44d5-aecf-7d58317101cc.jpg 656w, https:\/\/www.hoplainfoservices.com\/wp-content\/uploads\/2025\/02\/09369cf2-0cfa-44d5-aecf-7d58317101cc-192x300.jpg 192w\" sizes=\"auto, (max-width: 656px) 100vw, 656px\" \/><\/figure>\n<\/div>","protected":false},"excerpt":{"rendered":"<p>Un accompagnement appropri\u00e9 : On sait que le langage du monde informatique n&#8217;est pas forcement compris de tous, c&#8217;est pour cela que l&#8217;on accompagne chaque clients d&#8217;une fa\u00e7on appropri\u00e9. Nous cherchons une \u00e9quit\u00e9 car nous faisons face \u00e0 tout type de personnes et de g\u00e9n\u00e9rations diff\u00e9rentes et que par cons\u00e9quent tous n&#8217;ont pas la m\u00eame [&hellip;]<\/p>\n","protected":false},"author":1,"featured_media":0,"parent":0,"menu_order":0,"comment_status":"closed","ping_status":"closed","template":"","meta":{"footnotes":""},"class_list":["post-81","page","type-page","status-publish","hentry"],"_links":{"self":[{"href":"https:\/\/www.hoplainfoservices.com\/index.php\/wp-json\/wp\/v2\/pages\/81","targetHints":{"allow":["GET"]}}],"collection":[{"href":"https:\/\/www.hoplainfoservices.com\/index.php\/wp-json\/wp\/v2\/pages"}],"about":[{"href":"https:\/\/www.hoplainfoservices.com\/index.php\/wp-json\/wp\/v2\/types\/page"}],"author":[{"embeddable":true,"href":"https:\/\/www.hoplainfoservices.com\/index.php\/wp-json\/wp\/v2\/users\/1"}],"replies":[{"embeddable":true,"href":"https:\/\/www.hoplainfoservices.com\/index.php\/wp-json\/wp\/v2\/comments?post=81"}],"version-history":[{"count":10,"href":"https:\/\/www.hoplainfoservices.com\/index.php\/wp-json\/wp\/v2\/pages\/81\/revisions"}],"predecessor-version":[{"id":103,"href":"https:\/\/www.hoplainfoservices.com\/index.php\/wp-json\/wp\/v2\/pages\/81\/revisions\/103"}],"wp:attachment":[{"href":"https:\/\/www.hoplainfoservices.com\/index.php\/wp-json\/wp\/v2\/media?parent=81"}],"curies":[{"name":"wp","href":"https:\/\/api.w.org\/{rel}","templated":true}]}}